 + 1. Let y(q) = d(q) - w(q). Let f(r) = c(r) + 2*y(r). Calculate f(3).
4
Let w be 16/6*(-33)/4. Let l be (-8)/(-44) + (-128)/w. Let n(h) = h. Give n(l).
6
Let a(m) = -m - 1. Let u(i) = i**2 - 6*i + 3. Let w be u(5). Let n(g) = -2*g - 1. Let p(f) = w*n(f) + 3*a(f). What is p(2)?
1
Let m(r) = -4*r - 3. Let b(l) = 5*l**2 + 35*l - 4. Let y(c) = -3*c**2 - 23*c + 3. Let d(z) = 5*b(z) + 8*y(z). Let j be d(8). Determine m(j).
13
Let z(m) = m**2 - 9. Let v(a) = -7*a - 4. Let f(n) = -15*n - 8. Let p(r) = -6*f(r) + 13*v(r). Let q be (8/2)/(-1 + 0). Let h be p(q). Determine z(h).
-9
Let h(d) = -2*d - 3. Let o = -20 - -16. Determine h(o).
5
Let k = -18 - -23. Let n(z) = -z**2 + 7*z - 3. Determine n(k).
7
Let y(g) be the first derivative of -g**3/3 + 2*g**2 + 6*g - 27. Suppose -23 + 8 = -3*u. What is y(u)?
1
Let z(x) = -x**3 + 6*x**2 + 3*x + 2. Let s(v) = -v**3 + 12*v**2 + 6. Let u be s(12). Determine z(u).
20
Let q(f) be the second derivative of -f**6/180 + f**5/120 + f**4/3 + 8*f. Let g(l) be the third derivative of q(l). Give g(2).
-7
Let f(v) be the first derivative of v**4/12 + v**3 + 5*v**2/2 + 4*v + 1. Let r(y) be the first derivative of f(y). Suppose -h + 12 = -4*h. Give r(h).
-3
Let i(b) be the second derivative of 5*b**4/12 + b**3/6 - b. Let h be (-3 - -2)/(-1)*1. Determine i(h).
6
Let g(s) = -7*s + 3 + 1 - s**2 + 2*s**2. Let b be g(7). Suppose j + b = -j. Let h(p) = -p**2 + 1. Calculate h(j).
-3
Let v be (-12)/(-2) - (-1)/(-1). Suppose -7*a - v = -2*a. Let i(w) = 4*w - 2*w - 148 + 147. What is i(a)?
-3
Let b(n) = -n + 4. Let r be (56/(-84))/((-1)/15*-2). Determine b(r).
9
Let v(p) be the third derivative of 1/12*p**4 + 6*p**2 + 0*p + 0 + 0*p**3 - 1/60*p**5. Determine v(1).
1
Suppose 2*x - 3*x + 5 = 0. Let k = -6 - -13. Suppose -13 = -x*s + k. Let f(v) = v - 5. Calculate f(s).
-1
Let g(m) = -m**2 + 3*m + 14. Let z(d) = -4*d - 13. Let n(f) = 5*g(f) + 6*z(f). Let p(a) = a**2. Let r(x) = n(x) + 4*p(x). Determine r(-8).
0
Let y(v) = -v**2 + 2*v - 4. Let g(a) = -a**3 - 12*a**2 + 14*a + 16. Let z be g(-13). Determine y(z).
-7
Let p(z) be the first derivative of -z**2/2 - 7. Let y be p(2). Let m(s) = -2*s**3 - 2*s**2 + 3*s + 2. Determine m(y).
4
Let i(b) = -3*b**2 - 5*b - 6. Let f(g) = -g**2 - g - 1. Let o(x) = -5*f(x) + i(x). Calculate o(1).
1
Let f(p) be the third derivative of 0 - 1/15*p**5 - 3*p**2 + 0*p + 1/12*p**4 - 1/120*p**6 - 7/6*p**3. What is f(-5)?
8
Let g(k) = k**3 - 6*k**2 + 7*k - 2. Let s = 26 + -23. Suppose -5*x + 17 = -2*a - 0*a, 3*a + s = 3*x. Determine g(x).
8
Suppose -3*a - 8 + 2 = 0. Let o(g) be the first derivative of -3*g**2 - 3*g + 8. What is o(a)?
9
Let a(j) = -3*j + 2*j + 15 - 20. Let b(z) = -z - 4. Let o(x) = 6*a(x) - 7*b(x). Suppose 4*w - w - 15 = 0. Give o(w).
3
Let y(o) = 3*o - 2. Suppose -z - 2 = -2*z + 2*l, 5*z + 2*l - 58 = 0. Suppose -7*s - z = -2*s. Let q be (-14)/(-6) + s/6. Determine y(q).
4
Let n(p) be the third derivative of p**8/20160 - p**7/5040 - p**6/720 - p**5/12 - 5*p**2. Let x(h) be the third derivative of n(h). What is x(-2)?
5
Let d(j) = 6*j**2 - j + 4. Let k(s) = 7*s**2 + 4. Let n(p) = 5*d(p) - 4*k(p). What is n(3)?
7
Let v be ((-21)/6)/(6/4 - 1). Let n(f) = -f**2 - 9*f - 9. Calculate n(v).
5
Let u(q) = 79*q**3 + 11*q + 5. Let p(x) = 16*x**3 + 2*x + 1. Let y(j) = -11*p(j) + 2*u(j). Calculate y(-1).
17
Let b be 4 + -4 + 1 - -9. Suppose -2*g + 4*d - 12 = -6*g, -4*g + b = 3*d. Let t(p) = -12*p**2 - p. Give t(g).
-13
Let w(z) be the second derivative of -7*z**5/20 + z**4/12 + 4*z. Let y be 10/(-4)*(-10)/25. What is w(y)?
-6
Let u(x) = x**3 - 5*x**2 - 5*x + 1. Let m(l) = -2*l**3 - 3*l**2 - 2*l. Let j be m(-1). Suppose 4*k = 35 - 15. Suppose -j = -b + k. What is u(b)?
7
Let n(j) = -13*j - 1. Let p(w) = -w**3 - 3*w**2 + 17*w - 8. Let b be p(-6). Calculate n(b).
25
Suppose l = 5*l - 8. Let z(s) = -s + 2*s - l*s + 7 + 2*s. What is z(-6)?
1
Let i = -8 + 11. Let q(h) = -4*h + 3*h + 3 + h**i - 5. Give q(2).
4
Let v(y) be the second derivative of 0 - 3/2*y**2 + y - 1/6*y**3. Suppose 4*p = 4 + 12. Calculate v(p).
-7
Let u = -29 - -12. Let m(b) = b + 1. Let g(w) = -17*w + 26. Let s(r) = -g(r) + 3*m(r). Let o(j) = 7*j - 8. Let p(k) = u*o(k) + 6*s(k). Determine p(5).
3
Let m = -13 + 8. Let p(q) be the first derivative of -q**2 - 3*q - 6. Determine p(m).
7
Let f be (2/4*2)/(-1). Let t be -5 + f + 3 + 5. Suppose 2*m + t = -5*l, 0 = -2*m + m + 5*l - 1. Let a(w) = -9*w**2 + w + 1. Determine a(m).
-9
Let t(i) be the third derivative of 0*i + 0 - 1/2*i**3 - 1/8*i**4 - 3*i**2. What is t(-3)?
6
Let y = 22 - 22. Let t(o) = -o**3 + o**2 + o - 6. Determine t(y).
-6
Suppose -2*q = -4, 0 = -6*n + n - 4*q - 7. Let k(t) = t**2 - 2*t**2 - 2 - 3 + 1 - 2*t. Determine k(n).
-7
Let w = 5 + -3. Let v(s) = -4*s + 1. Determine v(w).
-7
Let w(u) = u**3 + 5*u**2 - 5*u + 5. Suppose 4*r + 0*r - 80 = 0. Suppose 4*q - 2*j + r = -6*j, 3*q - 2*j = -20. Calculate w(q).
-1
Let w(m) be the second derivative of m**4/12 + m**3/6 + m**2/2 - m. Let j be w(-2). Let g(y) = -6 - y + j*y - 3*y. Give g(0).
-6
Suppose -2*c + 18 = -4*y, -2*c - 9 + 0 = 5*y. Suppose -m = m - 2. Let n(h) = -m + 2 + h + 3. Give n(c).
7
Let r = 0 - -3. Let m(u) = -2 - 2*u**3 - r*u**2 + 2. Let w = -3 + 1. What is m(w)?
4
Let u(j) = j**3 - 3*j**2 - 3*j + 1. Suppose 0 = 4*a - 20, k = -a - 0*a + 8. Determine u(k).
-8
Let h(z) = -z**2 - z - 1. Let f(l) = -3*l**2 + 4*l - 3. Let g(m) = f(m) - h(m). Suppose 3*u = -2*u + 15. Give g(u).
-5
Suppose -10 = 3*m + 5. Let n = 10 + m. Let d(o) = -o**2 + 4*o - 5. Calculate d(n).
-10
Let j(z) be the first derivative of z**2 + 5*z + 1. Let o(r) = r**2 - 3*r. Let p be o(4). Suppose -p*x = -4 + 20. Give j(x).
-3
Let o(z) be the second derivative of -z**5/40 + z**4/6 - z**3/3 + 7*z. Let x(j) be the second derivative of o(j). Calculate x(5).
-11
Let o = -3 + 3. Suppose 4*a - 2*a - 2 = o. Let v(j) = 1 - 5*j**3 + 3*j - 3*j. Calculate v(a).
-4
Let v(g) = -g**3 - g**2 - 13. Let o(f) = -f**3 + 3*f**2 - 3*f + 1. Let y be o(1). Determine v(y).
-13
Let i(s) = s**3 + 8*s**2 + 6*s - 7. Suppose -3*p - 3 + 14 = -2*c, 5*c = -2*p - 37. Give i(c).
0
Let g(u) be the third derivative of -u**4/24 + u**3/3 - 34*u**2. Let d be 3/(-6)*(-5 - -1). What is g(d)?
0
Let r(u) = 8 + 6*u**2 - 7*u**2 - 7. Give r(2).
-3
Let l = -21 - -25. Let s(x) = -x**3 + 5*x**2 - 5*x - 1. Determine s(l).
-5
Let a(c) = 3*c**3 - 3*c. Let g(q) = 7*q**3 - 7*q + 1. Let l(x) = 9*a(x) - 4*g(x). Let w = 3 + -2. Let p be (0 - 3/w) + 3. Give l(p).
-4
Let h(d) = -2*d + 5. Suppose -18 = -3*q + 2*k, 11 + 2 = q - 3*k. Calculate h(q).
-3
Let v(j) be the first derivative of -3*j**4/2 + j**2 + j - 2. Calculate v(-1).
5
Let l(f) = f**3 + 7*f**2 + 6*f - 5. Let k(y) = -y**3 - 7*y**2 - 5*y. Let r be k(-6). Let b be l(r). Let j(q) = 5*q + 0*q + 2*q**2 - 1 - q**2. Give j(b).
-1
Let z(u) be the second derivative of u**7/2520 + u**6/360 + u**5/120 + u**4/4 - u. Let r(o) be the third derivative of z(o). Determine r(-1).
0
Let o(y) = -y**3 - 2*y**2 + y. Let a = -7 - -13. Let f be (-6)/12 - a/4. Calculate o(f).
-2
Let f(d) = -2*d**3 - 4*d**2 - 2*d + 1. Let b be f(-2). Suppose 11 = 5*a - 14. Let y(v) = -b + v + 1 + a. What is y(2)?
3
Let b(z) = 27*z - 14. Let u(k) = 5*k - 3. Let f(q) = -2*b(q) + 11*u(q). Determine f(-5).
-10
Suppose -2*m = -6*m. Suppose m = -3*r - 1 + 4. Let w(o) = 8*o**2 + 5*o + 5. Let q(d) = -9*d**2 - 6*d - 6. Let b(k) = 5*q(k) + 6*w(k). What is b(r)?
3
Suppose 0 = m + 28 - 27. Let g(w) = 6*w - 1. Let n(a) = -a + 1. Let v(p) = g(p) + n(p). What is v(m)?
-5
Let s(n) = -2 - 1 + 11 - 6 + 5*n. What is s(-3)?
-13
Let k = -630 + 634. Let m(q) = 7*q**2 - 7*q + 17. Let d(x) = 4*x**2 - 3*x + 9. Let z(v) = 5*d(v) - 3*m(v). Calculate z(k).
2
Let m = -4 + 6. Let n(x) = -2*x - m*x + x. Determine n(-2).
6
Suppose 11*v + 2*v = 0. Let z(s) = -2*s - 3. Calculate z(v).
-3
Let s(d) = d**3 + 4*d**2 + 3*d - 2. Let b be 6*(-3)/12*(1 + 1). What is s(b)?
-2
Let f(a) = -7*a**3 - 4*a + 1. Let j(t) = -34*t**3 - 21*t + 6. Let q(o) = -11*f(o) + 2*j(o). Suppose -b - 64 = 3*b. Let x be (3 - b/(-6))*-3. What is q(x)?
-10
Let o = 49 - 45. Suppose -3*x - 3*y = 21, x + 3*y + 4 = y. Let h = o + x. Let d(z) = z**2 + 6*z - 4. Calculate d(h).
-4
Let j(h) be the third derivative of -h**5/60 - h**3/6 - 8*h**2 - h. Suppose 3*r = -3*f, 3*f - 2*f = r. Giv